117. Calculate the greatest common factor of 44 and g.
44
Suppose -o = 4*a - 3*o + 42, -7 = -a - 3*o. Let t be (-2)/a - 213/(-12). Calculate the greatest common factor of 27 and t.
9
Let t(u) be the third derivative of u**5/60 - u**4/6 + u**3/6 - u**2. Let j be t(5). Suppose l + j = 18. Calculate the highest common factor of 24 and l.
12
Let q = -10 + 38. Calculate the highest common divisor of q and 14.
14
Let g(h) = 5*h**3 - 2*h**2 + 4*h - 2. Suppose -2 = -4*j + 6. Let i be g(j). Calculate the highest common factor of 19 and i.
19
Suppose 2*r - 189 = r. What is the highest common divisor of 21 and r?
21
Let h = -138 + 139. Let b be 3/2 - (-2)/(-4). Calculate the highest common divisor of h and b.
1
Suppose -4*a - 5*w + 7 + 7 = 0, -4*a + w = -26. Let c(f) = -f + 10. Let v be c(a). Suppose -33 = 5*g - 133. Calculate the highest common divisor of v and g.
4
Let c(s) = -2*s - 13. Let g be c(10). Let j = -23 - g. What is the greatest common factor of j and 25?
5
Let z(q) = q**3 + q - 6. Let w be z(0). Let x = -2 - w. What is the greatest common divisor of 16 and x?
4
Suppose -4*l - 3*x + 147 = 0, 2*l = -0*x - 2*x + 76. What is the highest common factor of l and 165?
33
Let w be ((-23)/46)/((-1)/56). Calculate the highest common divisor of 196 and w.
28
Let q = -38 - -148. Suppose 0 = -n + 4*u + 34, 2*n + 2*n + 2*u - 82 = 0. Calculate the greatest common divisor of n and q.
22
Let g be 4/22 - (-1492)/22. Calculate the highest common divisor of 17 and g.
17
Let y(w) = 1 + 4*w**2 - 3*w + 7*w + 0*w + 1. Let b be y(-2). What is the greatest common divisor of 70 and b?
10
Let v = 165 - 81. Calculate the greatest common divisor of 12 and v.
12
Let v(r) = -11*r + 5*r + 2 + 3*r**2 + 5*r. Let s be v(2). Calculate the greatest common factor of s and 12.
12
Let c(d) = -5*d - 7. Let y be -6 + 4 + -2 + -2. Let t be c(y). Calculate the greatest common factor of t and 92.
23
Let q(w) = -3*w**3 + w + 1. Let g be q(-1). Suppose 240 = 5*s + 4*r, 8*s - 3*s = g*r + 205. What is the highest common divisor of 4 and s?
4
Suppose 0 = -3*a - 7*a + 20. Calculate the highest common factor of a and 18.
2
Suppose -2*m + 79 = a - 7*m, -4*m = 4*a - 292. What is the highest common divisor of 2 and a?
2
Let o(c) = -2*c**3 - c. Let j be o(1). Let t be 12*-9*4/j. Calculate the highest common divisor of 16 and t.
16
Let a = -19 + 4. Let s = a - -35. What is the greatest common divisor of 8 and s?
4
Suppose 2*l - 2 = -4*k + 30, l = 2. Suppose 9*i - 8 = k*i. What is the highest common factor of 1 and i?
1
Let p be (-1 - 2)/(1/(-1)). Calculate the greatest common factor of 33 and p.
3
Let x(z) = 2*z**2 - z. Let i be x(2). Let r be ((-9)/i)/((-2)/28). What is the highest common divisor of 3 and r?
3
Suppose -4*g = -g + 3*o - 243, -5*g + 4*o + 360 = 0. Let d(i) = -i**2 + 10*i + 10. Let q be d(9). Calculate the greatest common divisor of g and q.
19
Let p be -51*(2 - 14/6). Calculate the highest common factor of p and 68.
17
Suppose 0 = 2*m - 20 - 2. Suppose -q - a + 17 = 0, -a = 3*q - m - 46. Let y = 31 + -21. Calculate the highest common divisor of y and q.
10
Suppose 2*v + 3 = v. Let r be 3/(2/((-20)/v)). What is the greatest common factor of 15 and r?
5
Suppose 2*b = -3*b - 25, 5*l - 150 = 3*b. Suppose 90 = 3*x + 2*x. What is the greatest common divisor of l and x?
9
Let q = -8 + 12. Suppose 0 = -3*i + q*v + 185, -3*v = 4*i - 11 - 244. Calculate the greatest common factor of i and 7.
7
Let x = -33 - -63. Let t be (135/(-36))/((-1)/24). Calculate the greatest common factor of t and x.
30
Let s be 9/(-15) + (-57)/5. Let u be 4/(s/(-9)) + 33. Calculate the highest common factor of 12 and u.
12
Suppose -44 = -2*z + 3*n + 14, -2*z + 48 = 2*n. What is the greatest common factor of 286 and z?
26
Suppose 16*b = 19*b - 60. Calculate the highest common divisor of 60 and b.
20
Let x be 6*(-1)/(-4)*-38. Let i = x - -120. What is the greatest common factor of i and 9?
9
Suppose -v - u = -7, 5*v = 2*u - 4*u + 26. Let k be v/(-28) - 2003/(-7). Calculate the highest common divisor of k and 26.
26
Let y be (4/(-6))/(3/(-9)). Suppose 4*c - 18 = y*c. Let h = c + -1. Calculate the highest common factor of h and 1.
1
Let a be (161/14)/(1/2). Suppose 3*l - a = -j + 42, 46 = 2*l + 2*j. Calculate the highest common divisor of l and 21.
21
Let f(j) = 2*j - 9. Let n be (-1)/(-2) + (-33)/(-6). Let x be f(n). Let k be ((-3)/2*-3)/((-2)/(-12)). Calculate the greatest common factor of x and k.
3
Suppose 12 = -3*k, 4*k + 0*k - 52 = -4*c. Suppose 57 - 9 = 2*i. Let x = 109 - i. What is the highest common factor of x and c?
17
Suppose 833 - 129 = 8*h. What is the greatest common divisor of 8 and h?
8
Let i be 3 - (0 + (-560)/4). Calculate the highest common divisor of i and 13.
13
Let z(x) = -x + 7. Let k be z(4). Let p = -3 + k. Suppose -a + 1 - 5 = p, -a = 5*l - 6. Calculate the greatest common factor of l and 8.
2
Suppose 2*y = -k - 301, -2*y = -2*k + 3*y - 611. Let l = 131 + k. Let h be 4/(-14) - l/14. Calculate the greatest common divisor of h and 6.
6
Let x(s) = s**2 + 2*s + 66. Let j be x(0). Calculate the greatest common divisor of 44 and j.
22
Let l be -4 + (-4 - -8 - -1*27). Calculate the greatest common factor of 36 and l.
9
Suppose 6 = -2*n + 5*n. Suppose -3*i - 3*q + 39 = 0, -3*i + n*q + 14 = -0. Calculate the highest common divisor of 88 and i.
8
Let h(f) = 18*f + 5 - 5*f**3 + 12*f**3 - 6*f**3 - 14*f**2. Let k be h(13). What is the greatest common factor of k and 10?
10
Let y be 5 - (-2 - -1)*3. Suppose -m - 20 = -q - 4*m, 0 = m + 4. What is the greatest common divisor of q and y?
8
Let i(k) = 3*k + 3. Let l be i(-4). Let h(c) = -c**2 + c**3 + 11*c**2 + 10*c + 12 + 0*c. Let j be h(l). What is the greatest common divisor of 15 and j?
3
Let p = -30 - -106. What is the greatest common factor of p and 19?
19
Let c = 1 - 4. Let l be c*(-1 - 1/(-3)). What is the highest common factor of 14 and l?
2
Suppose -o + 0*o = -4*w + 48, -5*o = 5*w - 60. Let p = -4 + 8. Suppose p*c = -b + 117, 5*b - b + w = 0. Calculate the greatest common factor of c and 20.
10
Suppose 0 = -3*b + 4*q - 41, -55 = 4*b - 2*q - 3*q. Let x be (-18)/(-2)*b/(-3). Suppose -20 = 7*g - 83. What is the highest common factor of x and g?
9
Suppose -5*c + 3*j = -115, -107 = -4*c + 5*j - 2. Calculate the greatest common factor of 60 and c.
20
Suppose 14 = 3*n - 2*n. What is the greatest common factor of 35 and n?
7
Suppose -2*a - 488 = -5*d + d, 2*d + 4*a - 224 = 0. What is the highest common factor of d and 24?
24
Let s(z) = z**2 + 7. Suppose 2*i - 3 = q, -26 = -2*q - 2*i - 2. Let n be 1/(-1 + 8/q). Let w be s(n). What is the greatest common factor of w and 7?
7
Let d = 1 - 3. Let b be -3 - (3 + d)*-1. Let k be 14/4 - b/(-4). Calculate the highest common divisor of k and 24.
3
Let r(t) = 6*t - 5. Let c be r(6). Let z = c + -9. Calculate the highest common divisor of 2 and z.
2
Let k = -4 - -6. Suppose 0 = -3*r + k*r + 3. Suppose 3*n - 3 = i, 0 = -5*i - 0*i. Calculate the greatest common factor of n and r.
1
Let t = -52 + 77. Let b = 53 - t. Calculate the greatest common factor of 112 and b.
28
Suppose k - 5*j + 4 = -12, 0 = 4*k - j + 121. Let p = k + 57. Calculate the highest common factor of 13 and p.
13
Let g(w) = -w**3 + 3*w**2 + 3*w + 5. Let y be g(4). Suppose -x + 5*x - 24 = 2*j, -x = 3*j + 43. Let n = j + 25. What is the highest common divisor of n and y?
1
Suppose -137 - 73 = -5*h. What is the highest common divisor of h and 6?
6
Let v(m) = -m**3 + 6*m**2 - 2*m - 1. Suppose -12 = -5*o + 13. Let a be v(o). Calculate the highest common divisor of 21 and a.
7
Suppose -4*v + 240 = 5*o - 85, 321 = 4*v + o. What is the greatest common divisor of 20 and v?
20
Let i(y) = -2*y. Let g be i(-1). Suppose 0 = -6*s + g*s + 8. Suppose -q - 2*r = 2 + s, 14 = 4*q + 2*r. What is the highest common factor of 3 and q?
3
Let g(z) be the third derivative of -z**6/30 - z**5/30 + z**4/12 - 5*z**2. Let h be g(-2). What is the greatest common factor of h and 180?
20
Suppose l + 704 = 5*l. What is the highest common factor of 16 and l?
16
Let m be (-4)/(-14) + 204/21. What is the greatest common divisor of 90 and m?
10
Suppose 10*r = 5*r + 50. Let c = 18 - r. Calculate the greatest common divisor of c and 4.
4
Suppose 3*l - 6*l - 138 = -3*k, -2*l + 6 = 0. Calculat